ase 6, what is 3 - 421332?
-421325
In base 6, what is -103 + -100545?
-101052
In base 6, what is 1122 - 142121?
-140555
In base 7, what is -3 - 64453?
-64456
In base 3, what is 2100120222001 + 12?
2100120222020
In base 14, what is 69104 - -1?
69105
In base 4, what is 1210111203 + -10?
1210111133
In base 8, what is 1474 - -372?
2066
In base 4, what is 21013 - 1003?
20010
In base 7, what is 45 - -4316?
4364
In base 16, what is 49bf1e - -5?
49bf23
In base 7, what is 3613 + -3026?
554
In base 2, what is 100101110101 + 11010001?
101001000110
In base 6, what is -132220353 - -5?
-132220344
In base 12, what is -1a8 - 265b?
-2847
In base 12, what is -22 - -65807?
657a5
In base 6, what is -2 - 1340224?
-1340230
In base 11, what is 161 - 15?
147
In base 3, what is 0 - -2100200212?
2100200212
In base 7, what is 2 - 1502111?
-1502106
In base 2, what is 11011010000011 + 10?
11011010000101
In base 8, what is -117523 - 4?
-117527
In base 14, what is -1 - 497d5?
-497d6
In base 3, what is -11 + -1111112?
-1111200
In base 8, what is -117 - 2021?
-2140
In base 16, what is 14b33 - -2?
14b35
In base 4, what is 0 + -23002332?
-23002332
In base 12, what is 195 - -a87?
1060
In base 9, what is -5 + -203231?
-203236
In base 9, what is -110677 - 13?
-110701
In base 11, what is 29 - 57a31?
-57a03
In base 12, what is -73 + -276?
-329
In base 15, what is 9a51 - -1?
9a52
In base 12, what is -433 + a5?
-34a
In base 7, what is -603 + -3320?
-4223
In base 3, what is 10100121 - -22?
10100220
In base 13, what is -2 - 14c5a?
-14c5c
In base 11, what is 218420 - -2?
218422
In base 6, what is 3034 - 52?
2542
In base 3, what is -200102 + -12201?
-220010
In base 15, what is -1a + cd27?
cd0c
In base 11, what is -106 - -112?
7
In base 6, what is -3421225 - 1?
-3421230
In base 16, what is -8 - -314?
30c
In base 13, what is 4464 + -9?
4458
In base 14, what is 2dd - 871?
-572
In base 15, what is 4e7 + 116?
60d
In base 14, what is 33b - 21?
31a
In base 10, what is 1 - -21764?
21765
In base 2, what is -10101010001 + 10010?
-10100111111
In base 11, what is -1256 + -10?
-1266
In base 8, what is -4 + 102007?
102003
In base 3, what is -121 + -21011221?
-21012112
In base 11, what is -155 - 528?
-682
In base 7, what is -106 - -24?
-52
In base 6, what is 11 - -13054143?
13054154
In base 5, what is -14 - 10212?
-10231
In base 8, what is -2 - 134421?
-134423
In base 11, what is 4a - 4304?
-4265
In base 8, what is 3 + 2115071?
2115074
In base 6, what is -2225 + 33?
-2152
In base 14, what is -27b48d - -2?
-27b48b
In base 13, what is 16 + -a7a9?
-a793
In base 10, what is -10623 + -1?
-10624
In base 14, what is 5 - 123b?
-1236
In base 6, what is -4 + -32141143?
-32141151
In base 14, what is -33c8 + -218?
-3602
In base 13, what is 3 + a6c3?
a6c6
In base 16, what is -691 - 35?
-6c6
In base 9, what is 126 + 1418?
1545
In base 3, what is 2010121 - -102012?
2112210
In base 10, what is 437 - 333?
104
In base 9, what is 13 + 8341?
8354
In base 9, what is -25705 - 123?
-25828
In base 5, what is -200200322 - 3?
-200200330
In base 8, what is -21 + 4263?
4242
In base 4, what is -313333 - 12?
-320011
In base 12, what is -2 - -317b0?
317aa
In base 8, what is -5530733 + -5?
-5530740
In base 2, what is -100101011011101010 - -100?
-100101011011100110
In base 7, what is -1410514 - 1?
-1410515
In base 15, what is 18ab1 - -8?
18ab9
In base 5, what is -1 + 34010?
34004
In base 2, what is -10001110010000 + -10010000?
-10010000100000
In base 15, what is -1c - 12ed?
-131a
In base 16, what is -a3 - -b5?
12
In base 6, what is 5 - -203044?
203053
In base 2, what is 1100110010000 - -110011?
1100111000011
In base 7, what is -5 - -2033241?
2033233
In base 5, what is -4421 + 233041?
223120
In base 12, what is -1294b + 0?
-1294b
In base 6, what is 1 - 54152?
-54151
In base 15, what is -9c8e4 + 4?
-9c8e0
In base 16, what is 2 - -388f9?
388fb
In base 14, what is -319c + -1d?
-31bb
In base 9, what is 1 + -6383?
-6382
In base 2, what is 0 - -101100011010010011?
101100011010010011
In base 3, what is 2201022012 - 2?
2201022010
In base 7, what is 2 + 431225?
431230
In base 7, what is -30 + 253?
223
In base 7, what is -4532521 + 4?
-4532514
In base 15, what is 2 + 542c?
542e
In base 6, what is 15 - -12104?
12123
In base 8, what is 12471 + 63?
12554
In base 7, what is -66 - 6356?
-6455
In base 11, what is 1 - 42482?
-42481
In base 11, what is 1a015 + 8?
1a022
In base 14, what is 38ac + 1b?
38c9
In base 8, what is 54011 + 54?
54065
In base 9, what is 368 - -685?
1164
In base 2, what is 1 - 1000011111100001000?
-1000011111100000111
In base 7, what is -44 - 112211?
-112255
In base 16, what is 5 + 2e07?
2e0c
In base 15, what is 1167c + 5?
11682
In base 2, what is 11001 + -1101101101110?
-1101101010101
In base 4, what is 110013203 + 1?
110013210
In base 10, what is 6 - 2157?
-2151
In base 10, what is -1776 - 396?
-2172
In base 3, what is 212010011 + -2?
212010002
In base 15, what is 1759 + 55?
17ae
In base 3, what is 11222 - -1121202?
1210201
In base 16, what is -1 - 270a?
-270b
In base 2, what is -110110011100010010 + 11?
-110110011100001111
In base 14, what is 2605c - 5?
26057
In base 14, what is 24d30a + 4?
24d310
In base 12, what is 2a2 - -1700?
19a2
In base 2, what is 1010001000101001 - 11?
1010001000100110
In base 3, what is -20022120 - 10?
-20022200
In base 6, what is -5 + 12255130?
12255121
In base 5, what is -31 + 111123?
111042
In base 7, what is -33140 + -52?
-33222
In base 5, what is 141 - 2201140?
-2200444
In base 3, what is 112110102202 - -10?
112110102212
In base 15, what is -6777 - -38?
-673e
In base 3, what is 1 - -112210121?
112210122
In base 5, what is 141 + -240?
-44
In base 5, what is 13420 + 11?
13431
In base 13, what is -c5 - -1c8?
103
In base 9, what is -208 - 5666?
-5875
In base 16, what is -a + 1a88c?
1a882
In base 7, what is -4 - -15603?
15566
In base 13, what is 669 - -29?
695
In base 10, what is 71 - 10218?
-10147
In base 10, what is -29 + -1648?
-1677
In base 10, what is 64667 - 3?
64664
In base 11, what is 5 + 19710?
19715
In base 2, what is -11010 - -111100100010011?
111100011111001
In base 12, what is -1b - -2a2b?
2a10
In base 14, what is -58a66 - -2?
-58a64
In base 4, what is 0 - -12203310?
12203310
In base 16, what is 3 + 56e2?
56e5
In base 6, what is -1204150 - 53?
-1204243
In base 2, what is 10000 - -1000011001100010?
1000011001110010
In base 11, what is -37 + -869?
-8a5
In base 9, what is 3 - -171644?
171647
In base 3, what is 10102 + 112111?
122220
In base 16, what is d103 + 5?
d108
In base 11, what is -3718 - -35?
-3693
In base 3, what is -201100201 + -12?
-201100220
In base 12, what is -2 - -201252?
201250
In base 12, what is -99b62 - 8?
-99b6a
In base 13, what is -3c670 - 8?
-3c678
In base 5, what is 1301303032 + -2?
1301303030
In base 2, what is -1001010101101100 - 1?
-1001010101101101
In base 7, what is 11 - -543235?
543246
In base 5, what is -1001242104 + -2?
-1001242111
In base 13, what is -25 + -11372?
-11397
In base 14, what is 5671 - -7?
5678
In base 7, what is 4 - 1531501?
-1531464
In base 11, what is -80 + 1233?
1163
In base 14, what is 15051 - 12?
1503d
In base 12, what is 33 + -1391?
-135a
In base 2, what is 1000000100011 + 100?
1000000100111
In base 4, what is -32330203 + 13?
-32330130
In base 5, what is 212340 - 422?
211413
In base 11, what is -87a - 4?
-883
In base 11, what is 17a - 4102?
-3a33
In base 2, what is 10000111101001 - 1110000?
10000101111001
In base 10, what is -8276 - -62?
-8214
In base 8, what is 105 + -10774?
-10667
In base 4, what is 3 - 122231?
-122222
In base 3, what is 1 - -1202211220?
1202211221
In base 6, what is 3 - 1145520?
-1145513
In base 12, what is -4 - -23b62?
23b5a
In base 3, what is -100102110 + -101?
-100102211
In base 16, what is 38020 + -2?
3801e
In base 13, what is -1041c + -2?
-10421
In base 6, what is 130 - -104012?
104142
In base 6, what is -1 + 33402410?
33402405
In base 5, what is -1022 + -13400?
-14422
In base 8, what is 42663 - -5?
42670
In base 2, what is 1010011111101001 + 10?
1010011111101011
In base 4, what is -12031210223 - 1?
-12031210230
In base 14, what is -17d - -82?
-db
In base 10, what is 3 - -116636?
116639
In base 14, what is -1 - 54b7?
-54b8
In base 11, what is -1 + -2153?
-2154
In base 8, what is -11 + -4561?
-4572
In base 4, what is 